emainder when 302 is divided by 125?
52
What is the remainder when 701 is divided by 104?
77
What is the remainder when 5045 is divided by 103?
101
What is the remainder when 69 is divided by 14?
13
Calculate the remainder when 717 is divided by 8.
5
What is the remainder when 302 is divided by 12?
2
Calculate the remainder when 355 is divided by 41.
27
What is the remainder when 359 is divided by 89?
3
What is the remainder when 306 is divided by 99?
9
Calculate the remainder when 815 is divided by 33.
23
What is the remainder when 2777 is divided by 107?
102
Calculate the remainder when 100 is divided by 37.
26
What is the remainder when 1142 is divided by 24?
14
Calculate the remainder when 350 is divided by 111.
17
Calculate the remainder when 1562 is divided by 23.
21
Calculate the remainder when 2429 is divided by 38.
35
What is the remainder when 477 is divided by 125?
102
What is the remainder when 4584 is divided by 1527?
3
What is the remainder when 355 is divided by 17?
15
What is the remainder when 616 is divided by 24?
16
Calculate the remainder when 755 is divided by 126.
125
What is the remainder when 89 is divided by 24?
17
What is the remainder when 970 is divided by 81?
79
What is the remainder when 918 is divided by 132?
126
Calculate the remainder when 1356 is divided by 23.
22
Calculate the remainder when 107 is divided by 30.
17
What is the remainder when 2498 is divided by 20?
18
What is the remainder when 582 is divided by 59?
51
Calculate the remainder when 2742 is divided by 59.
28
Calculate the remainder when 42 is divided by 14.
0
Calculate the remainder when 1353 is divided by 68.
61
What is the remainder when 215 is divided by 13?
7
Calculate the remainder when 1439 is divided by 3.
2
Calculate the remainder when 127 is divided by 35.
22
Calculate the remainder when 25 is divided by 21.
4
What is the remainder when 762 is divided by 154?
146
What is the remainder when 4377 is divided by 11?
10
Calculate the remainder when 1166 is divided by 382.
20
What is the remainder when 146 is divided by 52?
42
Calculate the remainder when 90 is divided by 37.
16
What is the remainder when 90 is divided by 25?
15
Calculate the remainder when 536 is divided by 116.
72
What is the remainder when 2799 is divided by 40?
39
What is the remainder when 481 is divided by 163?
155
What is the remainder when 549 is divided by 76?
17
Calculate the remainder when 254 is divided by 147.
107
What is the remainder when 205 is divided by 41?
0
What is the remainder when 1047 is divided by 258?
15
Calculate the remainder when 796 is divided by 791.
5
Calculate the remainder when 194 is divided by 177.
17
Calculate the remainder when 52 is divided by 9.
7
Calculate the remainder when 10363 is divided by 38.
27
What is the remainder when 265 is divided by 14?
13
What is the remainder when 272 is divided by 55?
52
What is the remainder when 166 is divided by 81?
4
Calculate the remainder when 1018 is divided by 1012.
6
Calculate the remainder when 10858 is divided by 41.
34
Calculate the remainder when 115 is divided by 24.
19
Calculate the remainder when 1124 is divided by 223.
9
What is the remainder when 7455 is divided by 12?
3
Calculate the remainder when 109 is divided by 10.
9
What is the remainder when 1216 is divided by 101?
4
Calculate the remainder when 201 is divided by 119.
82
Calculate the remainder when 48 is divided by 13.
9
What is the remainder when 2566 is divided by 38?
20
Calculate the remainder when 104 is divided by 38.
28
Calculate the remainder when 231 is divided by 40.
31
What is the remainder when 247 is divided by 75?
22
Calculate the remainder when 152 is divided by 28.
12
Calculate the remainder when 11230 is divided by 41.
37
Calculate the remainder when 478 is divided by 206.
66
What is the remainder when 732 is divided by 187?
171
What is the remainder when 43 is divided by 2?
1
Calculate the remainder when 618 is divided by 20.
18
What is the remainder when 4321 is divided by 23?
20
Calculate the remainder when 126 is divided by 47.
32
Calculate the remainder when 509 is divided by 32.
29
Calculate the remainder when 669 is divided by 48.
45
Calculate the remainder when 207 is divided by 37.
22
What is the remainder when 315 is divided by 53?
50
Calculate the remainder when 137 is divided by 18.
11
Calculate the remainder when 692 is divided by 71.
53
What is the remainder when 473 is divided by 69?
59
What is the remainder when 479 is divided by 475?
4
What is the remainder when 1299 is divided by 428?
15
What is the remainder when 13849 is divided by 149?
141
What is the remainder when 909 is divided by 130?
129
What is the remainder when 139 is divided by 35?
34
Calculate the remainder when 5 is divided by 2.
1
Calculate the remainder when 1561 is divided by 75.
61
What is the remainder when 173 is divided by 47?
32
Calculate the remainder when 803 is divided by 797.
6
What is the remainder when 87 is divided by 37?
13
Calculate the remainder when 497 is divided by 121.
13
Calculate the remainder when 1725 is divided by 34.
25
What is the remainder when 224 is divided by 90?
44
Calculate the remainder when 276 is divided by 131.
14
Calculate the remainder when 858 is divided by 680.
178
What is the remainder when 1181 is divided by 200?
181
Calculate the remainder when 175 is divided by 45.
40
What is the remainder when 383 is divided by 43?
39
Calculate the remainder when 58 is divided by 14.
2
What is the remainder when 1399 is divided by 670?
59
What is the remainder when 720 is divided by 22?
16
Calculate the remainder when 507 is divided by 30.
27
What is the remainder when 693 is divided by 57?
9
Calculate the remainder when 531 is divided by 76.
75
What is the remainder when 303 is divided by 63?
51
Calculate the remainder when 419 is divided by 114.
77
Calculate the remainder when 1289 is divided by 253.
24
Calculate the remainder when 359 is divided by 40.
39
What is the remainder when 132 is divided by 43?
3
What is the remainder when 1473 is divided by 36?
33
Calculate the remainder when 374 is divided by 91.
10
What is the remainder when 133 is divided by 111?
22
Calculate the remainder when 195 is divided by 49.
48
Calculate the remainder when 133 is divided by 37.
22
What is the remainder when 2745 is divided by 456?
9
Calculate the remainder when 1687 is divided by 121.
114
What is the remainder when 269 is divided by 47?
34
Calculate the remainder when 20085 is divided by 279.
276
Calculate the remainder when 4153 is divided by 15.
13
What is the remainder when 73 is divided by 45?
28
Calculate the remainder when 1218 is divided by 20.
18
What is the remainder when 122 is divided by 71?
51
What is the remainder when 1587 is divided by 45?
12
What is the remainder when 1493 is divided by 4?
1
What is the remainder when 78 is divided by 26?
0
What is the remainder when 58 is divided by 15?
13
Calculate the remainder when 200 is divided by 34.
30
What is the remainder when 11172 is divided by 81?
75
What is the remainder when 336 is divided by 19?
13
What is the remainder when 156 is divided by 16?
12
What is the remainder when 410 is divided by 402?
8
What is the remainder when 74 is divided by 39?
35
Calculate the remainder when 196 is divided by 8.
4
Calculate the remainder when 17382 is divided by 14.
8
Calculate the remainder when 44558 is divided by 21.
17
Calculate the remainder when 35 is divided by 24.
11
What is the remainder when 435 is divided by 147?
141
What is the remainder when 163 is divided by 20?
3
What is the remainder when 581 is divided by 289?
3
What is the remainder when 70 is divided by 28?
14
What is the remainder when 61 is divided by 4?
1
Calculate the remainder when 229 is divided by 23.
22
What is the remainder when 7 is divided by 6?
1
What is the remainder when 182 is divided by 59?
5
What is the remainder when 98 is divided by 29?
11
Calculate the remainder when 59624 is divided by 25.
24
What is the remainder when 757 is divided by 17?
9
Calculate the remainder when 781 is divided by 260.
1
Calculate the remainder when 5364 is divided by 30.
24
Calculate the remainder when 2268 is divided by 226.
8
What is the remainder when 1655 is divided by 69?
68
Calcul